) = -y**2 + 4*y - 4. Suppose t - t = -t. Suppose t = -3*j + 3, j - 3*j - 4 = -2*f. What is n(f)?
-1
Let d = -21 - -29. Suppose -3*b = -d*b - 5. Let j(o) = o**2 + 120*o - 59*o - 60*o. What is j(b)?
0
Let v(k) = 2*k. Suppose -3*r + 16 = r. Suppose 389 + 522 = 4*l - o, -913 = -r*l - o. Let c be l/(-204) - 4/(-34). Calculate v(c).
-2
Let r(u) = 5*u**2 - 3*u - 8. Let z(q) = 4*q**2 - 2*q - 7. Let g(s) = -3*r(s) + 4*z(s). Give g(-4).
8
Let p(a) = -6*a + 265 + 7*a**2 - a**3 + 2*a**3 - 263. Calculate p(-8).
-14
Let l be 8/16 - (-1 + (-2)/4). Let o(p) = -3*p - 4*p**2 + 5 + 5*p**l + p**2 - 3*p**2. Determine o(-6).
-13
Suppose 201*s - 240*s + 156 = 0. Let t(g) = -g**3 + 4*g**2 + 3*g - 5. Determine t(s).
7
Let b be 3*-4*(-4)/16. Let i(k) = -k**2 + k - 2. Let r(z) = -2*z**2 + 3*z - 3. Let u(h) = 5*i(h) - 3*r(h). Calculate u(b).
-4
Let f(r) = 7*r - 5. Let p(u) = -3*u + 2. Let d(g) = 4*f(g) + 9*p(g). Let i(s) = s - 9. Let b be i(11). Calculate d(b).
0
Let f = 152 - 152. Let d(r) = r**3 + r - 7. What is d(f)?
-7
Suppose -2*v + 2149 = -h + 597, -3*h = 3*v - 2337. Let c(g) = v - 770 + 3*g - 2*g. What is c(8)?
15
Let w(f) = f**3 + f**2 - 4*f + 1. Let z be (-10)/(-40) - (-1)/(-4). Calculate w(z).
1
Suppose 4*z - 26 = -38 + 20. Let g(a) = 4*a**2 - 5*a - 1. Let u(i) = -i**2 + i. Let q(p) = g(p) + 5*u(p). What is q(z)?
-5
Let q(l) be the second derivative of l**3/6 + 7*l**2 - 21*l. Determine q(-8).
6
Let u(p) = -6*p**2 + 13*p**2 - 14*p**2 + p + 8*p**2 - 10. Determine u(0).
-10
Let b(w) = -18*w - 5. Let z(a) = -15*a - 3. Let k(q) = 3*b(q) - 4*z(q). Determine k(-1).
-9
Let z be (10/(-2))/5*0. Let s(m) be the third derivative of -6*m**2 + 1/3*m**4 + 0*m - 1/6*m**3 + z. Determine s(-1).
-9
Let a(f) = -1 - 8*f + 2 - 1 + 2. Let p be (1/4 - 1) + (-66)/(-24). Calculate a(p).
-14
Let b(d) = d**2 - 29*d - 23. Let c be b(30). Let s(a) = -3*a + 15. Give s(c).
-6
Let d(c) = -10*c - 1. Let b(m) = -7*m - 1. Let z(k) = 3*b(k) - 2*d(k). Let u be (-8)/5 - (-2)/(-5). Give z(u).
1
Let c(a) = -a**3 + a + 9. Suppose 6*w = 30 - 6. Let b(p) = -2*p + 2. Let t be b(-5). Suppose -3*n - t = -5*j + n, 12 = -w*n. Calculate c(j).
9
Let a(f) = -f + 2. Let s = -26 + 29. Suppose c + 10 = -s*j + 7*j, j - c - 1 = 0. Give a(j).
-1
Let d(p) = 159*p - 49*p - 55*p + 5 - 54*p. What is d(-4)?
1
Let r(q) be the first derivative of -q**4/4 - 7*q**3/3 - q**2 - 4*q + 28. Suppose -5*u - 35 = -3*h, -h - 21 = 3*u - 2*h. Determine r(u).
10
Let k be (19 - -10) + 2/2. Suppose -2*r + k = -7*r. Let w(j) = j**2 - 7*j. Let t(o) = -5*o**2 + 29*o. Let a(h) = 2*t(h) + 9*w(h). Calculate a(r).
-6
Let q(j) = 4*j - 1. Let h(f) = -f**3 - 2*f**2 - 2*f - 2. Let u be 1/(-1 + 0) - (-7 + 8). Let n be h(u). Determine q(n).
7
Let s be -1 + (2*1 - 1). Let c(a) = -24*a**3 + 11*a**2 - 39*a + 24. Let g(v) = -11*v**3 + 5*v**2 - 18*v + 12. Let t(w) = -6*c(w) + 13*g(w). Determine t(s).
12
Let i(c) = c**2 - 9*c - 1. Suppose -d + 4*h = 9*h - 12, 2*d + h - 15 = 0. Give i(d).
-15
Let x be ((-14)/6)/(-7)*15. Let o(d) = -17*d - 1 + 16*d + 2 - x. Calculate o(-5).
1
Let m be ((-12)/(4*-1))/1. Let n(l) = -l**3 - 10*l**2 + 12*l + 14. Let r be n(-11). Let y(w) = -r*w - 4 + 2*w**2 + 2*w**2 - 4*w**3 + 3*w**3. Determine y(m).
-4
Let f(g) = g - 7. Let w(j) = -1. Let z(a) = -f(a) + 5*w(a). Let s be (-8 - -24)/(2/3). Suppose 5*y = 6 + s. Give z(y).
-4
Suppose 6*l - 21 = -3. Let r(h) = -3*h**2 + 2*h**2 + 15 - 6 - l*h - 6 + h**3. Calculate r(2).
1
Suppose -6*d + 8*d - 2 = 0. Let t(p) = -5*p**3 - 6*p**2 - 6*p**3 - 3*p**3 + 6*p + 15*p**3 + d. Suppose -15 = -5*o + 2*o. Calculate t(o).
6
Suppose o = 6*o + 4*u - 29, o - 2*u = 3. Let t(d) = d**3 + 21 - o*d - 4*d**2 - 20 + 0*d**2. Suppose -11 = 4*f - 2*i - 25, -3*f = i - 18. Calculate t(f).
1
Let s(a) be the second derivative of -a**3 + 1/20*a**5 - 2*a**2 + 3 + 5/12*a**4 + 3*a. Give s(-6).
-4
Let q be 62/372 + (-6)/40. Let o(x) be the third derivative of q*x**5 + 1/6*x**4 + 1/6*x**3 + 0 + 0*x - 5*x**2. Determine o(-4).
1
Let i(j) = 3*j + 104 + 2*j - 211 + 108. Let w be -5*-2*1/5. Calculate i(w).
11
Let w(l) = 3*l + 1. Let h(r) = -r - 1. Let y(i) = 5*h(i) + w(i). Suppose -91*f + 28 = -98*f. Calculate y(f).
4
Let u(k) = -k**3 - 15*k**2 - 6*k + 2. Let c(h) = h**3 + 14*h**2 + 8*h. Let o(w) = -3*c(w) - 2*u(w). Calculate o(-11).
7
Let y be 10/(-4) - (-35)/(-10). Let s(a) = -6*a**3 - 10*a**2 + 6*a. Let u(d) = -d**3 - d**2. Let p(z) = -s(z) + 5*u(z). Give p(y).
0
Let p = -710 + 700. Let y(i) = 2*i + 16. Determine y(p).
-4
Let o(r) = r**3 - 4*r**2 - 4*r + 1. Suppose -2*j = -0*l + 2*l - 4, 4*l = 4*j + 24. Give o(l).
-15
Let o(p) be the second derivative of p**4/12 - p**3/6 - 11*p**2/2 - 27*p + 3. Give o(5).
9
Let y(k) = k**2 - 9*k + 7. Suppose -1047 = 4*m - 1079. What is y(m)?
-1
Let v(t) = 2*t + 1 - t + 3*t - t**2. Let x be 8 + -5 + 0 + -3 + 4. Calculate v(x).
1
Let j(g) = -g**2 - g + 2. Let d be j(-3). Let s = 19 - 15. Let p(l) = 0*l**2 - 10*l**2 + s*l**2 + 4 + 5*l + 7*l**2. Determine p(d).
0
Let f(d) = -3*d + 9. Let k(b) be the first derivative of -2*b**2 + 8*b + 9. Let l(u) = -5*f(u) + 4*k(u). Calculate l(-6).
-7
Let p(f) = f**3 + 7*f**2 + 4*f - 2. Suppose -8*l - 25 = 23. Calculate p(l).
10
Suppose -3*x - 10 = -5*x. Suppose -35 = -5*l - x. Let g(t) = 3*t + 1. What is g(l)?
19
Let l(g) = -g**3 - 21*g**2 + 17*g + 27. Let t be l(-22). Let u = t - 125. Let b(z) = -z**2 + 11*z + 9. Determine b(u).
-3
Suppose -j + 5*j = -20. Let r(n) be the first derivative of n**3/3 + 4*n**2 + 4*n + 5. Give r(j).
-11
Let d(r) = 3*r**3 - 6*r - 2. Let f(c) = -13*c**3 - c**2 + 26*c + 9. Let u(k) = 9*d(k) + 2*f(k). What is u(3)?
3
Let i be (-2)/(-12) + (-17)/(-6). Let c(t) = t**2 - t + 2. Let u be c(2). Let a(x) = 2*x + x**3 - 2*x + 0*x + u - 2*x**2 - x. What is a(i)?
10
Let t(f) = f**3 - 8*f**2 - 3*f + 12. Suppose -3*h = 5*j - 29, -4*h - 28 = -4*j - 56. Calculate t(h).
-12
Let g(b) be the first derivative of -3*b**2/2 - 3*b - 4. Suppose 5*s = 11 - 1. Suppose -c - m = -1, -3*c - s*m = -m - 7. Give g(c).
-12
Let r(m) = m**2 + 22*m - 22. Suppose 0 = 1686*b - 1684*b + 46. Calculate r(b).
1
Let n(k) = -32*k**2 + 2*k + 1. Let b(d) = -44*d + 351. Let q be b(8). What is n(q)?
-33
Suppose -4*q = -8*q - 16. Let l be 11/(-2) + 2/q. Let w(s) be the second derivative of -s**5/20 - 7*s**4/12 - s**3 - 7*s**2/2 + 23*s. What is w(l)?
-7
Let n = -1 - -2. Let k be -4 + 0 - (-9)/((-99)/(-22)). Let y = n - k. Let d(s) = s**3 - 3*s**2 - 2*s - 2. Calculate d(y).
-8
Let x(u) = 2*u**3 + 45*u**2 - 24*u - 23. Let m be 6/((-24)/8) + -21. Give x(m).
0
Let c(f) = f**3 + 4*f**2 - 8*f + 7. Let a(j) = -5*j**3 - 15*j**2 + 32*j - 29. Let n(p) = 2*a(p) + 9*c(p). Let r = -18 - -23. Determine n(r).
-10
Let p be ((-21)/28)/(-5 + -4). Let h(l) be the second derivative of 0 + 1/2*l**2 + 8*l - 1/2*l**3 + p*l**4. What is h(3)?
1
Let x be 1 + 24/(-20) - 2/(-10). Suppose -5*m + 58 - 73 = x. Let i(k) = k**2 - 3*k - 1. Determine i(m).
17
Suppose -m + 5*m = 3*x - 23, -4*m - 3 = x. Suppose -3*v = -0*b + b - 13, x*v - 25 = 0. Let z(g) = 2*g**2 + 2*g. Give z(b).
4
Let w(u) be the first derivative of -4*u**3/3 + 13*u**2/2 - 11*u - 23. Let r(k) = -5*k**2 + 14*k - 12. Let m(t) = 5*r(t) - 6*w(t). What is m(-9)?
-3
Let y(p) = p - 11. Suppose -6 = 3*i - 45. Let f be y(i). Let j be (f/(-6))/((-2)/6). Let s(b) = -14*b**3 + b**2 - b + 1. What is s(j)?
-13
Let p(h) = -h**2 + 7*h - 17. Let j(d) = 2*d**2 - 14*d + 32. Let f(v) = -6*j(v) - 11*p(v). Calculate f(6).
1
Let d be 10 + (-13 - (-10 - (-9 - -5))). Let r(v) = -13*v - 4. Determine r(d).
-43
Let m(o) be the second derivative of o**4/12 - 3*o**3/2 + 5*o**2 + 664*o. Give m(8).
2
Suppose -4*c + 41 = 2*o + 33, 3*c = 4*o - 38. Let b(g) = 2*g**2 + 5. Let n(v) = v**2 + 1. Let d(s) = -b(s) + 3*n(s). Determine d(c).
2
Let f(p) = -24 + 15 + 0 - 8*p + p**2. Determine f(9).
0
Let f(j) = -j**2 + 9*j + 10. Suppose 175 - 45 = 13*z. Calculate f(z).
0
Let m(c) be the first derivative of c**3/3 + 2*c**2 + c + 319. Suppose 5 = -2*y - 1. What is m(y)?
-2
Let b(p) = p**2 + 1. Let w be 10/(-50) + (-11)/(-5). Let n be w*(1 - 4 - -2). Give b(n).
5
Let i(m) = -5*m**3 + 12*m**2 + 2*m - 4. Let f(q) = -4*q**3 + 10*q**2 + 2*q - 4. Let t(b) = 6*f(b) - 5*i(b). Calculate t(3).
29
Let q = -16 + 13. Let k be (-1 + -5)/(q - -1). Let z(w) = 0*w**k - 2 + w**3 + 4 + 0*w**3. Give z(2).
10
L